{"id":5162,"date":"2025-11-08T01:28:17","date_gmt":"2025-11-08T00:28:17","guid":{"rendered":"https:\/\/tmelektro.pl\/?post_type=product&#038;p=5162"},"modified":"2025-11-08T01:29:49","modified_gmt":"2025-11-08T00:29:49","slug":"klimatyzator-scienny-omega-agregat-multi-9-4-kw","status":"publish","type":"product","link":"https:\/\/tmelektro.pl\/index.php\/produkt\/klimatyzator-scienny-omega-agregat-multi-9-4-kw\/","title":{"rendered":"Klimatyzator \u015acienny OMEGA Agregat Multi 9.4 kW"},"content":{"rendered":"<ul>\n<li><span style=\"font-size: small;\">Jednostka wewn\u0119trzna i zewn\u0119trzna<\/span><\/li>\n<li><span style=\"font-size: small;\">Pakiet ogrzewania (taca, spr\u0119\u017carka)<br \/>\n<\/span><\/li>\n<li><span style=\"font-size: small;\">Moc od 5,1kW do 9,4 kW<\/span><\/li>\n<li><span style=\"font-size: small;\"><b>Grzanie nawet do &#8211; 25C !!!<br \/>\n<\/b><\/span><\/li>\n<li><span style=\"font-size: small;\">wydajna spr\u0119\u017carka GMCC lub Panasonic<\/span><\/li>\n<li><span style=\"font-size: small;\">Klasa energetyczna\u00a0<b>A++<\/b><\/span><span style=\"font-size: small;\"><b>, A+<\/b><\/span><\/li>\n<li><span style=\"font-size: small;\">Przep\u0142yw powietrza 4D<\/span><\/li>\n<li><span style=\"font-size: small;\">mo\u017cliwo\u015b\u0107 pod\u0142\u0105czenia klimatyzator\u00f3w r\u00f3\u017cnych wydajno\u015bci i mocy<\/span><\/li>\n<li><span style=\"font-size: small;\">niezale\u017cna praca jednostek wewn\u0119trznych<\/span><\/li>\n<li><span style=\"font-size: small;\">odporno\u015b\u0107 na rdz\u0119<br \/>\n<\/span><\/li>\n<li><span style=\"font-size: small;\">Autorestart<br \/>\n<\/span><\/li>\n<li><span style=\"font-size: small;\">Tryb ECO<\/span><\/li>\n<li><span style=\"font-size: small;\">Tryb cichy<br \/>\n<\/span><\/li>\n<li><span style=\"font-size: small;\">Wi-fi w strandardzie<\/span><\/li>\n<li><span style=\"font-size: small;\">W\u0142asna aplikacja lub TUYA, Alexa, Google Assistant<\/span><\/li>\n<li><span style=\"font-size: small;\">6 warstwowy filtr<\/span><\/li>\n<li><span style=\"font-size: small;\">inteligentne rozmra\u017canie &#8211; De-Frost<\/span><\/li>\n<li><span style=\"font-size: small;\"><b>Samoczyszczenie w wysokiej temperaturze 56C!!!<\/b><\/span><\/li>\n<\/ul>\n","protected":false},"excerpt":{"rendered":"<ul>\n<li><span style=\"font-size: small;\">Jednostka wewn\u0119trzna i zewn\u0119trzna<\/span><\/li>\n<li><span style=\"font-size: small;\">Pakiet ogrzewania (taca, spr\u0119\u017carka)<br \/>\n<\/span><\/li>\n<p> [&hellip;]<\/p>\n","protected":false},"featured_media":5159,"template":"","meta":[],"product_brand":[],"product_cat":[59],"product_tag":[],"class_list":{"0":"post-5162","1":"product","2":"type-product","3":"status-publish","4":"has-post-thumbnail","6":"product_cat-seria-omega","8":"first","9":"instock","10":"shipping-taxable","11":"purchasable","12":"product-type-simple"},"_links":{"self":[{"href":"https:\/\/tmelektro.pl\/index.php\/wp-json\/wp\/v2\/product\/5162","targetHints":{"allow":["GET"]}}],"collection":[{"href":"https:\/\/tmelektro.pl\/index.php\/wp-json\/wp\/v2\/product"}],"about":[{"href":"https:\/\/tmelektro.pl\/index.php\/wp-json\/wp\/v2\/types\/product"}],"wp:featuredmedia":[{"embeddable":true,"href":"https:\/\/tmelektro.pl\/index.php\/wp-json\/wp\/v2\/media\/5159"}],"wp:attachment":[{"href":"https:\/\/tmelektro.pl\/index.php\/wp-json\/wp\/v2\/media?parent=5162"}],"wp:term":[{"taxonomy":"product_brand","embeddable":true,"href":"https:\/\/tmelektro.pl\/index.php\/wp-json\/wp\/v2\/product_brand?post=5162"},{"taxonomy":"product_cat","embeddable":true,"href":"https:\/\/tmelektro.pl\/index.php\/wp-json\/wp\/v2\/product_cat?post=5162"},{"taxonomy":"product_tag","embeddable":true,"href":"https:\/\/tmelektro.pl\/index.php\/wp-json\/wp\/v2\/product_tag?post=5162"}],"curies":[{"name":"wp","href":"https:\/\/api.w.org\/{rel}","templated":true}]}}

Klimatyzator Ścienny OMEGA Agregat Multi 9.4 kW

<ul>
<li><span style="font-size: small;">Jednostka wewnętrzna i zewnętrzna</span></li>
<li><span style="font-size: small;">Pakiet ogrzewania (taca, sprężarka)<br />
</span></li>
<li><span style="font-size: small;">Moc od 5,1kW do 9,4 kW</span></li>
<li><span style="font-size: small;"><b>Grzanie nawet do &#8211; 25C !!!<br />
</b></span></li>
<li><span style="font-size: small;">wydajna sprężarka GMCC lub Panasonic</span></li>
<li><span style="font-size: small;">Klasa energetyczna <b>A++</b></span><span style="font-size: small;"><b>, A+</b></span></li>
<li><span style="font-size: small;">Przepływ powietrza 4D</span></li>
<li><span style="font-size: small;">możliwość podłączenia klimatyzatorów różnych wydajności i mocy</span></li>
<li><span style="font-size: small;">niezależna praca jednostek wewnętrznych</span></li>
<li><span style="font-size: small;">odporność na rdzę<br />
</span></li>
<li><span style="font-size: small;">Autorestart<br />
</span></li>
<li><span style="font-size: small;">Tryb ECO</span></li>
<li><span style="font-size: small;">Tryb cichy<br />
</span></li>
<li><span style="font-size: small;">Wi-fi w strandardzie</span></li>
<li><span style="font-size: small;">Własna aplikacja lub TUYA, Alexa, Google Assistant</span></li>
<li><span style="font-size: small;">6 warstwowy filtr</span></li>
<li><span style="font-size: small;">inteligentne rozmrażanie &#8211; De-Frost</span></li>
<li><span style="font-size: small;"><b>Samoczyszczenie w wysokiej temperaturze 56C!!!</b></span></li>
</ul>

<ul>
<li><span style="font-size: small;">Jednostka wewnętrzna i zewnętrzna</span></li>
<li><span style="font-size: small;">Pakiet ogrzewania (taca, sprężarka)<br />
</span></li>
<p> [&hellip;]</p>
